ate t(6).
-27
Let p(j) be the second derivative of 0 - 63*j - 7/2*j**2 - 1/6*j**3. Calculate p(-10).
3
Let b be (-1 - 55/(-45)) + (-752)/(-18). Suppose -2*o + 41*k = b*k + 28, o + 2*k + 11 = 0. Let x(g) = g**2 + 15*g - 5. Calculate x(o).
-5
Let o(s) be the first derivative of s**4/4 + 4*s**3/3 - s**2/2 - s + 82. Let w(d) = -3*d + 2. Let f be w(2). Let c be 2/f + (-63)/18. Give o(c).
3
Let x be -15*((-16)/40 + (-1)/(-15)). Let o(r) = 2*r**2 + 2 + x*r - 3*r**2 - 6 + 2. Give o(5).
-2
Let q(r) = -3*r**3 + 8*r**2 - r + 3. Let n(v) = -8*v**3 + 18*v**2 - v + 6. Let f(w) = w**2 + 5*w - 8. Let o be f(-6). Let m(b) = o*n(b) + 5*q(b). Give m(-5).
-7
Let p(v) = -2*v**2 + 120 - 2*v - v**3 - 2*v - 125 + 21*v. Determine p(3).
1
Let r(u) = 390*u - 7*u**2 - 7 + 0*u**2 + 389*u - 777*u. Let o(w) = -8*w**2 + 2*w - 8. Let y(g) = -6*o(g) + 7*r(g). Let c(v) = -v. Let t be c(-2). What is y(t)?
-1
Let m be (-69)/(-9) + ((-16)/12)/(-4). Let s(n) = -1783*n**3 + 2 - 9*n - 7*n**2 - 1784*n**3 + 3568*n**3. Determine s(m).
-6
Let f(i) = 4*i - 11. Let t be ((-2679)/133)/(6/(-28)). Let r = 103 - t. Determine f(r).
25
Suppose -3*n + n = -6. Let a(l) = -5*l**2 + 6*l - 10. Let d(m) = 6*m**2 - 7*m + 12. Let v be 4/18 - 141/27. Let o(u) = v*a(u) - 4*d(u). What is o(n)?
5
Let a(k) be the third derivative of -k**4/24 - 8*k**3/3 + 201*k**2. Let r = -61 + 51. Determine a(r).
-6
Let a(l) = -2*l**3 + 12*l**2 - 18*l + 43. Let y be a(5). Let q(k) = 7*k - 6. Let r(s) = -2*s + 1. Let n(u) = y*r(u) + q(u). Give n(5).
2
Let z = 2 - 0. Suppose -12*l = -60*l + 192. Let q(p) = -p**3 + 0*p**z - 6*p + l*p**2 - 11*p**2 + 6. Calculate q(-6).
6
Let u(m) be the third derivative of -m**4/24 - 2*m**3/3 - 1170*m**2. Determine u(-8).
4
Suppose -25*p + 28*p - 15 = 0. Suppose 3*v = -p*b + 46, 8*v - 47 = -4*b + 9*v. Let f(g) = 14 - 4*g + 4*g - g. What is f(b)?
3
Let y(q) = -q**3 + q**2 + q + 2. Let b(p) = p - 2. Let c(t) = 17*t - 13. Let x(d) = 4*b(d) + c(d). Let z be x(1). Calculate y(z).
2
Let s(u) = -3*u + 66. Suppose -w + 3 = 5*p, 0 = 4*w - 2*p - 106 + 28. Calculate s(w).
12
Let n(k) = k**3 + 7*k**2 + 6*k + 5. Suppose 9*f + 14*f - 621 = 0. Suppose 87 = -19*l - f. Determine n(l).
5
Let l(i) be the third derivative of -i**4/2 + 29*i**3/6 + 54*i**2 - 2*i + 7. What is l(-8)?
125
Let o(d) = d - 10. Suppose 8*m + 572 - 540 = 0. What is o(m)?
-14
Let f(u) = u**3 + u**2 + 8*u + 15. Suppose 21*a = -31*a + 39*a. Calculate f(a).
15
Let q(m) = m + 1. Let k be ((-9)/12)/((35/(-180))/(-7)). Let a be 1/5 + k*(-4)/10. Let n be (a - 21)*4/10. Calculate q(n).
-3
Let j(s) be the third derivative of -1/4*s**4 - 1/2*s**3 + 0*s + 0 + 1/60*s**5 - 129*s**2. Calculate j(4).
-11
Let q(b) be the third derivative of 7*b**4/24 - 124*b**3/3 + 20*b**2 - 2*b. Let w be q(35). Let g(r) = 2*r**3 + 5*r**2 + 2*r - 3. Determine g(w).
-18
Let z(q) = 3*q - 2. Suppose f + 3 = -2*a, 4*a = 2*f - 2 + 8. Let h be (-465)/20 + 3/12. Let c be h + 22 + a + 6. Determine z(c).
13
Let q(f) = -13*f**2 + 5*f - 4. Let g be (13 - (-9 - -19))/(3/2). Give q(g).
-46
Let a(g) = 4*g**2 + 8*g - 7. Suppose -356 = -954*m + 1043*m. Calculate a(m).
25
Let z be (3 + 52/(-18))*27/3. Suppose -7*p - z = -4*p - 4*o, -4*p + 5*o - 3 = 0. Let n(h) = h + 15. Determine n(p).
8
Let c = -529 + 910. Let i = -377 + c. Let s(o) = -o + 1. Determine s(i).
-3
Let u(h) be the first derivative of 11*h**2 - 20 - 60 + 16*h - 10*h**2. What is u(-10)?
-4
Let d(j) = -j - 14. Let y(l) be the second derivative of l**3/6 - 13*l**2/2 + 4*l. Let q(w) = -5*w - 155. Let x be q(-31). Let h be y(x). Give d(h).
-1
Let d(b) = 6*b**3 + 8*b**2 - 95*b + 21. Let n(p) = 5*p**3 + 8*p**2 - 73*p + 21. Let g(m) = 4*d(m) - 5*n(m). What is g(-6)?
-3
Suppose -c - 15 = -5*m + 4*c, -c + 7 = m. Let n(z) = -46*z**3 + 9 + m*z**2 + 6*z**2 + 94*z**3 - 49*z**3. Determine n(11).
9
Let s(q) be the second derivative of -q**6/720 + q**4/12 - 7*q**2/2 - 4*q - 17. Let c(r) be the third derivative of s(r). What is c(-2)?
2
Suppose -90*o - 1049 - 1331 = 29*o. Let d(v) = v**2 + 22*v + 36. Calculate d(o).
-4
Let u(d) = 4*d - 5 - 7 - 3 - 12. Let h(m) = m**3 + 33*m**2 - 191*m - 31. Let o be h(-38). Give u(o).
1
Let n(p) = -2*p**2 + p + 3. Suppose 0 = -4*v + v - 2*g + 231, 154 = 2*v - 4*g. Let i be 403/5 - (1463/(-95) + 16). Let j = v - i. What is n(j)?
-18
Let i(z) = 29 - 654*z - 650*z + 1963*z - 653*z. What is i(-4)?
5
Let k(f) be the third derivative of -f**7/1260 - f**6/720 - f**5/10 - 31*f**2. Let p(d) be the third derivative of k(d). What is p(-1)?
3
Let i(z) be the first derivative of -2*z + 1/2*z**2 + 2/3*z**3 + 2. Suppose -52*q - 376*q - 790 = 66. Determine i(q).
4
Let j = 75 + -72. Let k(x) = 157 + 3*x - x + j*x**2 - 155. Suppose -6*q - 6 = -3*q. Give k(q).
10
Let z(r) be the second derivative of 11*r**3/6 + 53*r**2/2 + 40*r + 5. Give z(-5).
-2
Let b(p) = p**3 + 1 - 2*p - 5*p + 0*p**3 + 6*p**2. Let o = -48 - -47. Let d(y) = 7*y. Let r be d(o). Give b(r).
1
Let m(k) = -k**2 + 89*k. Let p(b) = -4*b**2 + 480*b - 56. Let r(g) = 5*m(g) - p(g). What is r(-37)?
-18
Let g be 2/8 - 18/8. Let w(m) = -6*m**3 + 8*m**2 - 8. Let b = -228 + 239. Let y(c) = 2*c**3 - 3*c**2 + 3. Let u(h) = b*y(h) + 4*w(h). Give u(g).
13
Let p(u) = 4 + u**2 - 2 - 2*u**2 - 4*u. Let z(k) be the third derivative of 11*k**4/12 + 191*k**3/6 + 32*k**2. Let t be z(-9). Determine p(t).
-19
Let h(s) be the third derivative of -1/30*s**5 + 0*s**3 + 0 + 1/8*s**4 + 1/40*s**6 - 22*s**2 + 0*s. Determine h(2).
22
Let f(l) = -5*l**2 + 45*l - 35. Let j be f(8). Let s(r) = 2*r**3 - 11*r**2 + 2*r - 5. What is s(j)?
-20
Let y be (-65)/39*18/(-15). Let r(f) = 2*f - 30 + 33 + f**3 - 11*f**y + 7*f**2. Let c(g) = -g**2 - 6*g + 3. Let p be c(-6). Determine r(p).
0
Let g(j) be the third derivative of -j**6/60 - j**5/15 - 5*j**4/24 - 4*j**2 + 139*j. Determine g(-2).
10
Let t be 10/(-20)*(-12 + 0). Let n(y) = y**3 - 3 + 50*y**2 + t*y + 43*y**2 - 86*y**2. Calculate n(-5).
17
Let q(y) = -2*y**2 + 39*y + 1. Let i(j) = 8*j**2 - 168*j - 5. Let c(x) = 3*i(x) + 13*q(x). Calculate c(5).
-37
Let p(z) = -18*z - 357*z**2 + 132*z**2 + 119*z**2 + 124*z**2 + z**3 + 18. Give p(-19).
-1
Let t(f) = -6*f + 59. Suppose -q - 5*j + 11 = 0, 5*j + 264 = -13*q + 37*q. Determine t(q).
-7
Suppose -5*j + 2*j + 3*r + 126 = 0, -3*j - 5*r + 110 = 0. Let v be (328/(-20))/((-16)/j). Let n(b) = -14*b**2 - 41*b - 1 + v*b. What is n(1)?
-15
Suppose 7*a - 31 = 4. Suppose -5*y + 3*j + 22 = 0, -3*y = 2*j - 22 + a. Suppose 0 = -2*n - 2*n + 5*w + 35, -2*n - 5 = y*w. Let r(g) = -6*g + 7. What is r(n)?
-23
Let c(t) be the third derivative of t**5/20 + t**4/2 - t**3/3 + 246*t**2. Give c(-3).
-11
Let o(s) = -2*s**3 - 14*s**2 + 54*s + 160. Let j be o(-9). Let m(g) = -3*g**2 - 2*g - 6. Determine m(j).
-14
Let k be (-14)/(-2)*(-4 + 1 - -4). Let x be -3 - (1 - 1 - (-5 + k)). Let h(t) = 29*t + 1 + 4*t**3 - 59*t + 31*t + 2*t**3. What is h(x)?
-6
Let i(j) = -j**2 + 8*j + 14. Let o(a) = 2*a**2 - 85*a - 34. Let t be o(43). What is i(t)?
5
Let y(k) = 22*k - 68. Let v(j) = 21*j - 70. Let i(w) = 9*v(w) - 8*y(w). Determine i(7).
5
Let q(h) = h**3 - 5*h**2 - 3*h. Suppose 11*i = 20*i - 36. Suppose i*m - 3*m - 3*g - 5 = 0, 5*m = -3*g + 25. Calculate q(m).
-15
Let m(f) = 31*f - 71. Let w(u) = -10*u + 27. Let x(s) = -6*m(s) - 17*w(s). What is x(-2)?
-1
Let r = 349 - 347. Let z(m) = 2*m - 3. Let u(w) = w - 1. Let d(c) = r*z(c) - 5*u(c). Give d(7).
-8
Let t be 1/2*(6 + -12). Let l be (t/9)/((-4)/12). Let a(r) = l - r - 4*r + 2*r + 4*r. Calculate a(4).
5
Let f(s) = 4*s - 16. Let v = -5079 - -5073. Determine f(v).
-40
Let c(h) be the first derivative of -1/2*h**2 - 45 + 5*h. Calculate c(-4).
9
Let g = 9131 + -9118. Let i(b) = b - 17. What is i(g)?
-4
Let b(c) be the second derivative of c**4/12 + c**3/3 + 3*c**2 - 295*c + 1. Let m be (-3 - -2)*(2 - 1). Let x(o) = 4*o**3. Let q be x(m). Give b(q).
14
Let p(a) = 157*a**2 - 8 + a**3 - 5*a - 4*a + 128*a**2 - 283*a**2. Give p(-4).
-4
Let k(s) be the first derivative of -2*s**3 + 5/2*s**2 + 197 + 1/4*s**4 + s. Calculate k(5).
1
Let c(r) be the second derivative of -1/3*r**3 + 3/20*r**5 + 0*r**4 - 1/2*r**2 + 61*r - 1. Determine c(-1).
-2
Suppose 283*t + 14*t = -55*t - 704. Let l = 2 - -1. Let f(n) = 0*n**2 - l*n**2 + 2*n**2. Give f(t).
-4
Let c(m) = 28*m**2 + 101*m - 42. Let o be c(-4). Let w(n) = -11*n + 